{"id":335,"date":"2019-10-15T00:38:42","date_gmt":"2019-10-14T22:38:42","guid":{"rendered":"http:\/\/warmuptofever.org\/?page_id=335"},"modified":"2019-10-23T23:54:09","modified_gmt":"2019-10-23T21:54:09","slug":"datenschutzerklaerung","status":"publish","type":"page","link":"https:\/\/warmuptofever.org\/?page_id=335&lang=de","title":{"rendered":"Datenschutzerkl\u00e4rung"},"content":{"rendered":"\t\t<div data-elementor-type=\"wp-page\" data-elementor-id=\"335\" class=\"elementor elementor-335\" data-elementor-post-type=\"page\">\n\t\t\t\t\t\t<section class=\"elementor-section elementor-top-section elementor-element elementor-element-0cafcb0 elementor-section-boxed elementor-section-height-default elementor-section-height-default\" data-id=\"0cafcb0\" data-element_type=\"section\">\n\t\t\t\t\t\t<div class=\"elementor-container elementor-column-gap-default\">\n\t\t\t\t\t<div class=\"elementor-column elementor-col-100 elementor-top-column elementor-element elementor-element-09fc563\" data-id=\"09fc563\" data-element_type=\"column\">\n\t\t\t<div class=\"elementor-widget-wrap elementor-element-populated\">\n\t\t\t\t\t\t<div class=\"elementor-element elementor-element-3aed707 elementor-widget elementor-widget-text-editor\" data-id=\"3aed707\" data-element_type=\"widget\" data-widget_type=\"text-editor.default\">\n\t\t\t\t<div class=\"elementor-widget-container\">\n\t\t\t\t\t\t\t\t\t<h2>\u00a0<\/h2><h2>Datenschutzerkl\u00e4rung<\/h2><h2 style=\"font-variant-ligatures: normal; font-variant-caps: normal; line-height: 1.2; font-style: normal; font-weight: 400; color: #8e8e8e;\">Verantwortlich:<br \/>Univ.-Prof. Dr. med. David Martin<br \/>Institut f\u00fcr Integrative Medizin<br \/>Universit\u00e4t Witten\/Herdecke<br \/>Gerhard-Kienle-Weg 4<br \/>D-58313 Herdecke<br \/>E-Mail: E-Mail: david.martin@uni-wh.de<\/h2><h2 style=\"font-variant-ligatures: normal; font-variant-caps: normal; line-height: 1.2; font-style: normal; font-weight: 400; color: #8e8e8e;\">1. DATENSCHUTZ AUF EINEN BLICK<\/h2><p style=\"font-variant-ligatures: normal; font-variant-caps: normal; font-family: 'Work Sans'; font-size: 17px; font-style: normal; font-weight: 400; color: #8e8e8e;\"><span style=\"font-size: 17px; font-weight: 600;\">Allgemeine Hinweise<\/span><\/p><p style=\"font-variant-ligatures: normal; font-variant-caps: normal; font-family: 'Work Sans'; font-size: 17px; font-style: normal; font-weight: 400; color: #8e8e8e;\">Die folgenden Hinweise geben einen einfachen \u00dcberblick dar\u00fcber, was mit Ihren personenbezogenen Daten passiert, wenn Sie unsere Website besuchen. Personenbezogene Daten sind alle Daten, mit denen Sie pers\u00f6nlich identifiziert werden k\u00f6nnen. Ausf\u00fchrliche Informationen zum Thema Datenschutz entnehmen Sie unserer unter diesem Text aufgef\u00fchrten Datenschutzerkl\u00e4rung.<\/p><p style=\"font-variant-ligatures: normal; font-variant-caps: normal; font-family: 'Work Sans'; font-size: 17px; font-style: normal; font-weight: 400; color: #8e8e8e;\"><span style=\"font-size: 17px; font-weight: 600;\">Datenerfassung auf unserer Website<\/span><\/p><p style=\"font-variant-ligatures: normal; font-variant-caps: normal; font-family: 'Work Sans'; font-size: 17px; font-style: normal; font-weight: 400; color: #8e8e8e;\">Wer ist verantwortlich f\u00fcr die Datenerfassung auf dieser Website?Die Datenverarbeitung auf dieser Website erfolgt durch den Websitebetreiber. Dessen Kontaktdaten k\u00f6nnen Sie dem Impressum dieser Website entnehmen.<\/p><p style=\"font-variant-ligatures: normal; font-variant-caps: normal; font-family: 'Work Sans'; font-size: 17px; font-style: normal; font-weight: 400; color: #8e8e8e;\">Wie erfassen wir Ihre Daten?Ihre Daten werden zum einen dadurch erhoben, dass Sie uns diese mitteilen. Hierbei kann es sich z.B. um Daten handeln, die Sie in ein Kontaktformular eingeben.<\/p><p style=\"font-variant-ligatures: normal; font-variant-caps: normal; font-family: 'Work Sans'; font-size: 17px; font-style: normal; font-weight: 400; color: #8e8e8e;\">Andere Daten werden automatisch beim Besuch der Website durch unsere IT-Systeme erfasst. Das sind vor allem technische Daten (z.B. Internetbrowser, Betriebssystem oder Uhrzeit des Seitenaufrufs). Die Erfassung dieser Daten erfolgt automatisch, sobald Sie unsere Website betreten.<\/p><p style=\"font-variant-ligatures: normal; font-variant-caps: normal; font-family: 'Work Sans'; font-size: 17px; font-style: normal; font-weight: 400; color: #8e8e8e;\">Wof\u00fcr nutzen wir Ihre Daten?Ein Teil der Daten wird erhoben, um eine fehlerfreie Bereitstellung der Website zu gew\u00e4hrleisten. Andere Daten k\u00f6nnen zur Analyse Ihres Nutzerverhaltens verwendet werden.<\/p><p style=\"font-variant-ligatures: normal; font-variant-caps: normal; font-family: 'Work Sans'; font-size: 17px; font-style: normal; font-weight: 400; color: #8e8e8e;\">Welche Rechte haben Sie bez\u00fcglich Ihrer Daten?Sie haben jederzeit das Recht unentgeltlich Auskunft \u00fcber Herkunft, Empf\u00e4nger und Zweck Ihrer gespeicherten personenbezogenen Daten zu erhalten. Sie haben au\u00dferdem ein Recht, die Berichtigung, Sperrung oder L\u00f6schung dieser Daten zu verlangen. Hierzu sowie zu weiteren Fragen zum Thema Datenschutz k\u00f6nnen Sie sich jederzeit unter der im Impressum angegebenen Adresse an uns wenden. Des Weiteren steht Ihnen ein Beschwerderecht bei der zust\u00e4ndigen Aufsichtsbeh\u00f6rde zu.<\/p><h2 style=\"font-variant-ligatures: normal; font-variant-caps: normal; line-height: 1.2; font-style: normal; font-weight: 400; color: #8e8e8e;\">2. ALLGEMEINE HINWEISE UND PFLICHTINFORMATIONEN<\/h2><p style=\"font-variant-ligatures: normal; font-variant-caps: normal; font-family: 'Work Sans'; font-size: 17px; font-style: normal; font-weight: 400; color: #8e8e8e;\"><span style=\"font-size: 17px; font-weight: 600;\">Datenschutz<\/span><\/p><p style=\"font-variant-ligatures: normal; font-variant-caps: normal; font-family: 'Work Sans'; font-size: 17px; font-style: normal; font-weight: 400; color: #8e8e8e;\">Die Betreiber dieser Seiten nehmen den Schutz Ihrer pers\u00f6nlichen Daten sehr ernst. Wir behandeln Ihre personenbezogenen Daten vertraulich und entsprechend der gesetzlichen Datenschutzvorschriften sowie dieser Datenschutzerkl\u00e4rung.<\/p><p style=\"font-variant-ligatures: normal; font-variant-caps: normal; font-family: 'Work Sans'; font-size: 17px; font-style: normal; font-weight: 400; color: #8e8e8e;\">Wenn Sie diese Website benutzen, werden verschiedene personenbezogene Daten erhoben. Personenbezogene Daten sind Daten, mit denen Sie pers\u00f6nlich identifiziert werden k\u00f6nnen. Die vorliegende Datenschutzerkl\u00e4rung erl\u00e4utert, welche Daten wir erheben und wof\u00fcr wir sie nutzen. Sie erl\u00e4utert auch, wie und zu welchem Zweck das geschieht.<\/p><p style=\"font-variant-ligatures: normal; font-variant-caps: normal; font-family: 'Work Sans'; font-size: 17px; font-style: normal; font-weight: 400; color: #8e8e8e;\">Wir weisen darauf hin, dass die Daten\u00fcbertragung im Internet (z.B. bei der Kommunikation per E-Mail) Sicherheitsl\u00fccken aufweisen kann. Ein l\u00fcckenloser Schutz der Daten vor dem Zugriff durch Dritte ist nicht m\u00f6glich.<\/p><p style=\"font-variant-ligatures: normal; font-variant-caps: normal; font-family: 'Work Sans'; font-size: 17px; font-style: normal; font-weight: 400; color: #8e8e8e;\"><span style=\"font-size: 17px; font-weight: 600;\">Hinweis zur verantwortlichen Stelle<\/span><\/p><p style=\"font-variant-ligatures: normal; font-variant-caps: normal; font-family: 'Work Sans'; font-size: 17px; font-style: normal; font-weight: 400; color: #8e8e8e;\">Die verantwortliche Stelle f\u00fcr die Datenverarbeitung auf dieser Website ist:<br \/>Verantwortlich:<br \/>Univ.-Prof. Dr. med. David Martin<br \/>Institut f\u00fcr Integrative Medizin<br \/>Universit\u00e4t Witten\/Herdecke<br \/>Gerhard-Kienle-Weg 4<br \/>D-58313 Herdecke<br \/>E-Mail: david.martin@uni-wh.de<\/p><p style=\"font-variant-ligatures: normal; font-variant-caps: normal; font-family: 'Work Sans'; font-size: 17px; font-style: normal; font-weight: 400; color: #8e8e8e;\">Verantwortliche Stelle ist die nat\u00fcrliche oder juristische Person, die allein oder gemeinsam mit anderen \u00fcber die Zwecke und Mittel der Verarbeitung von personenbezogenen Daten (z.B. Namen, E-Mail-Adressen o. \u00c4.) entscheidet.<\/p><p style=\"font-variant-ligatures: normal; font-variant-caps: normal; font-family: 'Work Sans'; font-size: 17px; font-style: normal; font-weight: 400; color: #8e8e8e;\"><span style=\"font-size: 17px; font-weight: 600;\">Widerruf Ihrer Einwilligung zur Datenverarbeitung<\/span><\/p><p style=\"font-variant-ligatures: normal; font-variant-caps: normal; font-family: 'Work Sans'; font-size: 17px; font-style: normal; font-weight: 400; color: #8e8e8e;\">Viele Datenverarbeitungsvorg\u00e4nge sind nur mit Ihrer ausdr\u00fccklichen Einwilligung m\u00f6glich. Sie k\u00f6nnen eine bereits erteilte Einwilligung jederzeit widerrufen. Dazu reicht eine formlose Mitteilung per E-Mail an uns. Die Rechtm\u00e4\u00dfigkeit der bis zum Widerruf erfolgten Datenverarbeitung bleibt vom Widerruf unber\u00fchrt.<\/p><p style=\"font-variant-ligatures: normal; font-variant-caps: normal; font-family: 'Work Sans'; font-size: 17px; font-style: normal; font-weight: 400; color: #8e8e8e;\"><span style=\"font-size: 17px; font-weight: 600;\">Recht auf Daten\u00fcbertragbarkeit<\/span><\/p><p style=\"font-variant-ligatures: normal; font-variant-caps: normal; font-family: 'Work Sans'; font-size: 17px; font-style: normal; font-weight: 400; color: #8e8e8e;\">Sie haben das Recht, Daten, die wir auf Grundlage Ihrer Einwilligung oder in Erf\u00fcllung eines Vertrags automatisiert verarbeiten, an sich oder an einen Dritten in einem g\u00e4ngigen, maschinenlesbaren Format aush\u00e4ndigen zu lassen. Sofern Sie die direkte \u00dcbertragung der Daten an einen anderen Verantwortlichen verlangen, erfolgt dies nur, soweit es technisch machbar ist.<\/p><p style=\"font-variant-ligatures: normal; font-variant-caps: normal; font-family: 'Work Sans'; font-size: 17px; font-style: normal; font-weight: 400; color: #8e8e8e;\"><span style=\"font-size: 17px; font-weight: 600;\">Auskunft, Sperrung, L\u00f6schung<\/span><\/p><p style=\"font-variant-ligatures: normal; font-variant-caps: normal; font-family: 'Work Sans'; font-size: 17px; font-style: normal; font-weight: 400; color: #8e8e8e;\">Sie haben im Rahmen der geltenden gesetzlichen Bestimmungen jederzeit das Recht auf unentgeltliche Auskunft \u00fcber Ihre gespeicherten personenbezogenen Daten, deren Herkunft und Empf\u00e4nger und den Zweck der Datenverarbeitung und ggf. ein Recht auf Berichtigung, Sperrung oder L\u00f6schung dieser Daten. Hierzu sowie zu weiteren Fragen zum Thema personenbezogene Daten k\u00f6nnen Sie sich jederzeit unter der im Impressum angegebenen Adresse an uns wenden.<\/p><p style=\"font-variant-ligatures: normal; font-variant-caps: normal; font-family: 'Work Sans'; font-size: 17px; font-style: normal; font-weight: 400; color: #8e8e8e;\"><span style=\"font-size: 17px; font-weight: 600;\">Widerspruch gegen Werbe-Mails<\/span><\/p><p style=\"font-variant-ligatures: normal; font-variant-caps: normal; font-family: 'Work Sans'; font-size: 17px; font-style: normal; font-weight: 400; color: #8e8e8e;\">Der Nutzung von im Rahmen der Impressumspflicht ver\u00f6ffentlichten Kontaktdaten zur \u00dcbersendung von nicht ausdr\u00fccklich angeforderter Werbung und Informationsmaterialien wird hiermit widersprochen. Die Betreiber der Seiten behalten sich ausdr\u00fccklich rechtliche Schritte im Falle der unverlangten Zusendung von Werbeinformationen, etwa durch Spam-E-Mails, vor.<\/p><h2 style=\"font-variant-ligatures: normal; font-variant-caps: normal; line-height: 1.2; font-style: normal; font-weight: 400; color: #8e8e8e;\">3. DATENERFASSUNG AUF UNSERER WEBSITE<\/h2><p style=\"font-variant-ligatures: normal; font-variant-caps: normal; font-family: 'Work Sans'; font-size: 17px; font-style: normal; font-weight: 400; color: #8e8e8e;\"><span style=\"font-size: 17px; font-weight: 600;\">Server-Log-Dateien<\/span><\/p><p style=\"font-variant-ligatures: normal; font-variant-caps: normal; font-family: 'Work Sans'; font-size: 17px; font-style: normal; font-weight: 400; color: #8e8e8e;\">Der Provider der Seiten erhebt und speichert automatisch Informationen in so genannten Server-Log-Dateien, die Ihr Browser automatisch an uns \u00fcbermittelt. Dies sind:<\/p><ul style=\"font-variant-ligatures: normal; font-variant-caps: normal; font-family: 'Work Sans'; font-size: 17px; font-style: normal; font-weight: 400; color: #8e8e8e;\"><li style=\"font-size: 17px;\">Browsertyp und Browserversion<\/li><li style=\"font-size: 17px;\">verwendetes Betriebssystem<\/li><li style=\"font-size: 17px;\">Referrer URL<\/li><li style=\"font-size: 17px;\">Hostname des zugreifenden Rechners<\/li><li style=\"font-size: 17px;\">Uhrzeit der Serveranfrage<\/li><li style=\"font-size: 17px;\">IP-Adresse<\/li><\/ul><p style=\"font-variant-ligatures: normal; font-variant-caps: normal; font-family: 'Work Sans'; font-size: 17px; font-style: normal; font-weight: 400; color: #8e8e8e;\">Eine Zusammenf\u00fchrung dieser Daten mit anderen Datenquellen wird nicht vorgenommen.<\/p><p style=\"font-variant-ligatures: normal; font-variant-caps: normal; font-family: 'Work Sans'; font-size: 17px; font-style: normal; font-weight: 400; color: #8e8e8e;\">Grundlage f\u00fcr die Datenverarbeitung ist Art. 6 Abs. 1 lit. b DSGVO, der die Verarbeitung von Daten zur Erf\u00fcllung eines Vertrags oder vorvertraglicher Ma\u00dfnahmen gestattet.<\/p><p style=\"font-variant-ligatures: normal; font-variant-caps: normal; font-family: 'Work Sans'; font-size: 17px; font-style: normal; font-weight: 400; color: #8e8e8e;\"><span style=\"font-size: 17px; font-weight: 600;\">Kontaktformular<\/span><\/p><p style=\"font-variant-ligatures: normal; font-variant-caps: normal; font-family: 'Work Sans'; font-size: 17px; font-style: normal; font-weight: 400; color: #8e8e8e;\">Wenn Sie uns per Kontaktformular Anfragen zukommen lassen, werden Ihre Angaben aus dem Anfrageformular inklusive der von Ihnen dort angegebenen Kontaktdaten zwecks Bearbeitung der Anfrage und f\u00fcr den Fall von Anschlussfragen bei uns gespeichert. Diese Daten geben wir nicht ohne Ihre Einwilligung weiter.<\/p><p style=\"font-variant-ligatures: normal; font-variant-caps: normal; font-family: 'Work Sans'; font-size: 17px; font-style: normal; font-weight: 400; color: #8e8e8e;\">Die Verarbeitung der in das Kontaktformular eingegebenen Daten erfolgt somit ausschlie\u00dflich auf Grundlage Ihrer Einwilligung (Art. 6 Abs. 1 lit. a DSGVO). Sie k\u00f6nnen diese Einwilligung jederzeit widerrufen. Dazu reicht eine formlose Mitteilung per E-Mail an uns. Die Rechtm\u00e4\u00dfigkeit der bis zum Widerruf erfolgten Datenverarbeitungsvorg\u00e4nge bleibt vom Widerruf unber\u00fchrt.<\/p><p style=\"font-variant-ligatures: normal; font-variant-caps: normal; font-family: 'Work Sans'; font-size: 17px; font-style: normal; font-weight: 400; color: #8e8e8e;\">Die von Ihnen im Kontaktformular eingegebenen Daten verbleiben bei uns, bis Sie uns zur L\u00f6schung auffordern, Ihre Einwilligung zur Speicherung widerrufen oder der Zweck f\u00fcr die Datenspeicherung entf\u00e4llt (z.B. nach abgeschlossener Bearbeitung Ihrer Anfrage). Zwingende gesetzliche Bestimmungen \u2013 insbesondere Aufbewahrungsfristen \u2013 bleiben unber\u00fchrt.<\/p><h2 style=\"font-variant-ligatures: normal; font-variant-caps: normal; line-height: 1.2; font-style: normal; font-weight: 400; color: #8e8e8e;\">4. PLUGINS UND TOOLS<\/h2><div><div>Y<b>ouTube mit erweitertem Datenschutz<\/b><\/div><div>\u00a0<\/div><div>Diese Website bindet Videos der YouTube ein. Betreiber der Seiten ist die Google Ireland Limited (\u201eGoogle\u201c),<\/div><div>Gordon House, Barrow Street, Dublin 4, Irland.<\/div><div>Wir nutzen YouTube im erweiterten Datenschutzmodus. Dieser Modus bewirkt laut YouTube, dass<\/div><div>YouTube keine Informationen \u00fcber die Besucher auf dieser Website speichert, bevor diese sich das Video<\/div><div>ansehen. Die Weitergabe von Daten an YouTube-Partner wird durch den erweiterten Datenschutzmodus<\/div><div>hingegen nicht zwingend ausgeschlossen. So stellt YouTube \u2013 unabh\u00e4ngig davon, ob Sie sich ein Video<\/div><div>ansehen \u2013 eine Verbindung zum Google DoubleClick-Netzwerk her.<\/div><div>Sobald Sie ein YouTube-Video auf dieser Website starten, wird eine Verbindung zu den Servern von<\/div><div>YouTube hergestellt. Dabei wird dem YouTube-Server mitgeteilt, welche unserer Seiten Sie besucht haben.<\/div><div>Wenn Sie in Ihrem YouTube-Account eingeloggt sind, erm\u00f6glichen Sie YouTube, Ihr Surfverhalten direkt<\/div><div>\u00a0<\/div><div>Ihrem pers\u00f6nlichen Profil zuzuordnen. Dies k\u00f6nnen Sie verhindern, indem Sie sich aus Ihrem YouTube-<\/div><div>Account ausloggen.<\/div><div>\u00a0<\/div><div>Des Weiteren kann YouTube nach Starten eines Videos verschiedene Cookies auf Ihrem Endger\u00e4t<\/div><div>speichern. Mit Hilfe dieser Cookies kann YouTube Informationen \u00fcber Besucher dieser Website erhalten.<\/div><div>Diese Informationen werden u. a. verwendet, um Videostatistiken zu erfassen, die Anwenderfreundlichkeit<\/div><div>zu verbessern und Betrugsversuchen vorzubeugen. Die Cookies verbleiben auf Ihrem Endger\u00e4t, bis Sie sie<\/div><div>l\u00f6schen.<\/div><div>Gegebenenfalls k\u00f6nnen nach dem Start eines YouTube-Videos weitere Datenverarbeitungsvorg\u00e4nge<\/div><div>ausgel\u00f6st werden, auf die wir keinen Einfluss haben.<\/div><div>Die Nutzung von YouTube erfolgt im Interesse einer ansprechenden Darstellung unserer Online-Angebote.<\/div><div>Dies stellt ein berechtigtes Interesse im Sinne von Art. 6 Abs. 1 lit. f DSGVO dar. Sofern eine entsprechende<\/div><div>Einwilligung abgefragt wurde (z. B. eine Einwilligung zur Speicherung von Cookies), erfolgt die Verarbeitung<\/div><div>ausschlie\u00dflich auf Grundlage von Art. 6 Abs. 1 lit. a DSGVO; die Einwilligung ist jederzeit widerrufbar.<\/div><div>Weitere Informationen \u00fcber Datenschutz bei YouTube finden Sie in deren Datenschutzerkl\u00e4rung unter:<\/div><div>https:\/\/policies.google.com\/privacy?hl=de.<\/div><\/div><p style=\"font-variant-ligatures: normal; font-variant-caps: normal; font-family: 'Work Sans'; font-size: 17px; font-style: normal; font-weight: 400; color: #8e8e8e;\">Haftungshinweis: Trotz sorgf\u00e4ltiger inhaltlicher Kontrolle \u00fcbernehmen wir keine Haftung f\u00fcr die Inhalte externer Links. F\u00fcr den Inhalt der verlinkten Seiten sind ausschlie\u00dflich deren Betreiber verantwortlich.<\/p><p style=\"font-variant-ligatures: normal; font-variant-caps: normal; font-family: 'Work Sans'; font-size: 17px; font-style: normal; font-weight: 400; color: #8e8e8e;\"><span style=\"font-variant-ligatures: normal; font-variant-caps: normal; font-family: 'Work Sans'; font-size: 17px; font-style: normal; font-weight: 600;\">Quelle:<\/span><span style=\"font-family: 'Work Sans'; font-size: 17px; font-style: normal; font-variant-ligatures: normal; font-variant-caps: normal; font-weight: 400;\">\u00a0<\/span><a style=\"font-variant-ligatures: normal; font-variant-caps: normal; font-family: 'Work Sans'; font-size: 17px; font-style: normal; font-weight: 400; background-color: #ffffff; color: #333333;\" href=\"https:\/\/www.e-recht24.de\/\" target=\"_blank\" rel=\"noreferrer noopener\">https:\/\/www.e-recht24.de<\/a><\/p>\t\t\t\t\t\t\t\t<\/div>\n\t\t\t\t<\/div>\n\t\t\t\t\t<\/div>\n\t\t<\/div>\n\t\t\t\t\t<\/div>\n\t\t<\/section>\n\t\t\t\t<\/div>\n\t\t","protected":false},"excerpt":{"rendered":"<p>\u00a0 Datenschutzerkl\u00e4rung Verantwortlich:Univ.-Prof. Dr. med. David MartinInstitut f\u00fcr Integrative MedizinUniversit\u00e4t Witten\/HerdeckeGerhard-Kienle-Weg 4D-58313 HerdeckeE-Mail: E-Mail: david.martin@uni-wh.de 1. DATENSCHUTZ AUF EINEN BLICK Allgemeine Hinweise Die folgenden Hinweise geben einen einfachen \u00dcberblick dar\u00fcber, was mit Ihren personenbezogenen Daten passiert, wenn Sie unsere Website besuchen. Personenbezogene Daten sind alle Daten, mit denen Sie pers\u00f6nlich identifiziert werden k\u00f6nnen. Ausf\u00fchrliche Informationen [&hellip;]<\/p>\n","protected":false},"author":1,"featured_media":0,"parent":0,"menu_order":0,"comment_status":"closed","ping_status":"closed","template":"","meta":{"ocean_post_layout":"","ocean_both_sidebars_style":"","ocean_both_sidebars_content_width":0,"ocean_both_sidebars_sidebars_width":0,"ocean_sidebar":"0","ocean_second_sidebar":"0","ocean_disable_margins":"enable","ocean_add_body_class":"","ocean_shortcode_before_top_bar":"","ocean_shortcode_after_top_bar":"","ocean_shortcode_before_header":"","ocean_shortcode_after_header":"","ocean_has_shortcode":"","ocean_shortcode_after_title":"","ocean_shortcode_before_footer_widgets":"","ocean_shortcode_after_footer_widgets":"","ocean_shortcode_before_footer_bottom":"","ocean_shortcode_after_footer_bottom":"","ocean_display_top_bar":"default","ocean_display_header":"default","ocean_header_style":"","ocean_center_header_left_menu":"0","ocean_custom_header_template":"0","ocean_custom_logo":0,"ocean_custom_retina_logo":0,"ocean_custom_logo_max_width":0,"ocean_custom_logo_tablet_max_width":0,"ocean_custom_logo_mobile_max_width":0,"ocean_custom_logo_max_height":0,"ocean_custom_logo_tablet_max_height":0,"ocean_custom_logo_mobile_max_height":0,"ocean_header_custom_menu":"0","ocean_menu_typo_font_family":"0","ocean_menu_typo_font_subset":"","ocean_menu_typo_font_size":0,"ocean_menu_typo_font_size_tablet":0,"ocean_menu_typo_font_size_mobile":0,"ocean_menu_typo_font_size_unit":"px","ocean_menu_typo_font_weight":"","ocean_menu_typo_font_weight_tablet":"","ocean_menu_typo_font_weight_mobile":"","ocean_menu_typo_transform":"","ocean_menu_typo_transform_tablet":"","ocean_menu_typo_transform_mobile":"","ocean_menu_typo_line_height":0,"ocean_menu_typo_line_height_tablet":0,"ocean_menu_typo_line_height_mobile":0,"ocean_menu_typo_line_height_unit":"","ocean_menu_typo_spacing":0,"ocean_menu_typo_spacing_tablet":0,"ocean_menu_typo_spacing_mobile":0,"ocean_menu_typo_spacing_unit":"","ocean_menu_link_color":"","ocean_menu_link_color_hover":"","ocean_menu_link_color_active":"","ocean_menu_link_background":"","ocean_menu_link_hover_background":"","ocean_menu_link_active_background":"","ocean_menu_social_links_bg":"","ocean_menu_social_hover_links_bg":"","ocean_menu_social_links_color":"","ocean_menu_social_hover_links_color":"","ocean_disable_title":"on","ocean_disable_heading":"default","ocean_post_title":"","ocean_post_subheading":"","ocean_post_title_style":"","ocean_post_title_background_color":"","ocean_post_title_background":0,"ocean_post_title_bg_image_position":"","ocean_post_title_bg_image_attachment":"","ocean_post_title_bg_image_repeat":"","ocean_post_title_bg_image_size":"","ocean_post_title_height":0,"ocean_post_title_bg_overlay":0.5,"ocean_post_title_bg_overlay_color":"","ocean_disable_breadcrumbs":"default","ocean_breadcrumbs_color":"","ocean_breadcrumbs_separator_color":"","ocean_breadcrumbs_links_color":"","ocean_breadcrumbs_links_hover_color":"","ocean_display_footer_widgets":"default","ocean_display_footer_bottom":"default","ocean_custom_footer_template":"0","footnotes":""},"class_list":["post-335","page","type-page","status-publish","hentry","entry"],"_links":{"self":[{"href":"https:\/\/warmuptofever.org\/index.php?rest_route=\/wp\/v2\/pages\/335","targetHints":{"allow":["GET"]}}],"collection":[{"href":"https:\/\/warmuptofever.org\/index.php?rest_route=\/wp\/v2\/pages"}],"about":[{"href":"https:\/\/warmuptofever.org\/index.php?rest_route=\/wp\/v2\/types\/page"}],"author":[{"embeddable":true,"href":"https:\/\/warmuptofever.org\/index.php?rest_route=\/wp\/v2\/users\/1"}],"replies":[{"embeddable":true,"href":"https:\/\/warmuptofever.org\/index.php?rest_route=%2Fwp%2Fv2%2Fcomments&post=335"}],"version-history":[{"count":5,"href":"https:\/\/warmuptofever.org\/index.php?rest_route=\/wp\/v2\/pages\/335\/revisions"}],"predecessor-version":[{"id":410,"href":"https:\/\/warmuptofever.org\/index.php?rest_route=\/wp\/v2\/pages\/335\/revisions\/410"}],"wp:attachment":[{"href":"https:\/\/warmuptofever.org\/index.php?rest_route=%2Fwp%2Fv2%2Fmedia&parent=335"}],"curies":[{"name":"wp","href":"https:\/\/api.w.org\/{rel}","templated":true}]}}